2
Convert 26 (base 11) to base 13.
22
What is a (base 14) in base 7?
13
What is 113 (base 4) in base 2?
10111
Convert 3 (base 16) to base 9.
3
Convert -2 (base 11) to base 5.
-2
-54 (base 13) to base 12
-59
Convert 34 (base 6) to base 14.
18
What is -5 (base 14) in base 10?
-5
110000 (base 2) to base 13
39
Convert 321 (base 6) to base 4.
1321
Convert -202 (base 3) to base 8.
-24
Convert 12 (base 16) to base 10.
18
66 (base 15) to base 8
140
-5 (base 8) to base 5
-10
4 (base 15) to base 7
4
Convert a0 (base 12) to base 7.
231
What is -15 (base 9) in base 7?
-20
63 (base 7) to base 13
36
-61 (base 15) to base 13
-70
-5 (base 10) to base 11
-5
-2 (base 7) to base 5
-2
What is 16 (base 14) in base 12?
18
What is 0 (base 6) in base 13?
0
29 (base 11) to base 2
11111
0 (base 11) to base 2
0
3 (base 15) to base 16
3
What is 212 (base 3) in base 13?
1a
What is 0 (base 2) in base 11?
0
What is 3 (base 11) in base 13?
3
What is 168 (base 14) in base 8?
440
What is 81 (base 15) in base 6?
321
-31 (base 5) to base 12
-14
-1 (base 5) to base 8
-1
41 (base 12) to base 14
37
Convert -1 (base 7) to base 3.
-1
What is 60 (base 9) in base 10?
54
-1d (base 15) to base 12
-24
f7 (base 16) to base 6
1051
-22 (base 7) to base 4
-100
Convert 121 (base 4) to base 11.
23
2 (base 3) to base 12
2
1 (base 16) to base 5
1
-2 (base 5) to base 9
-2
Convert c (base 14) to base 2.
1100
Convert 20 (base 10) to base 8.
24
-6 (base 7) to base 9
-6
What is -253 (base 8) in base 14?
-c3
Convert 23 (base 6) to base 3.
120
-a3 (base 14) to base 15
-98
Convert 131 (base 5) to base 7.
56
What is -28 (base 14) in base 7?
-51
What is -403 (base 6) in base 9?
-173
What is 130 (base 4) in base 2?
11100
What is 1 (base 11) in base 15?
1
Convert -1 (base 16) to base 10.
-1
Convert 4 (base 11) to base 14.
4
Convert -b (base 13) to base 5.
-21
Convert -102 (base 3) to base 16.
-b
Convert 1 (base 7) to base 3.
1
What is 10 (base 8) in base 12?
8
What is 146 (base 8) in base 12?
86
Convert -1000 (base 2) to base 16.
-8
Convert -110 (base 4) to base 3.
-202
1020 (base 3) to base 5
113
2 (base 6) to base 5
2
-5 (base 15) to base 2
-101
Convert -40 (base 13) to base 15.
-37
Convert 123 (base 7) to base 4.
1002
What is 18 (base 9) in base 11?
16
What is 8 (base 16) in base 8?
10
What is -1000 (base 4) in base 14?
-48
-10 (base 3) to base 16
-3
Convert 12 (base 15) to base 7.
23
Convert 3 (base 6) to base 13.
3
What is 8 (base 10) in base 13?
8
-3 (base 14) to base 6
-3
-18 (base 11) to base 6
-31
What is 0 (base 14) in base 4?
0
What is -2 (base 11) in base 7?
-2
What is 2 (base 8) in base 5?
2
-119 (base 12) to base 4
-2211
What is -3 (base 7) in base 10?
-3
Convert -2 (base 16) to base 9.
-2
What is 101 (base 3) in base 10?
10
Convert -110 (base 5) to base 10.
-30
Convert -19 (base 16) to base 8.
-31
What is -22100 (base 3) in base 12?
-169
97 (base 13) to base 4
1330
What is -102 (base 3) in base 8?
-13
14 (base 7) to base 12
b
Convert -3 (base 14) to base 9.
-3
What is -4 (base 5) in base 15?
-4
Convert -1110 (base 3) to base 15.
-29
Convert 30 (base 15) to base 8.
55
Convert 24 (base 16) to base 7.
51
Convert -110 (base 4) to base 10.
-20
What is 156 (base 8) in base 3?
11002
What is 1 (base 11) in base 16?
1
What is 21 (base 8) in base 2?
10001
What is 2020 (base 4) in base 2?
10001000
Convert -10010 (base 2) to base 6.
-30
6 (base 7) to base 11
6
Convert 166 (base 11) to base 5.
1233
Convert -2 (base 11) to base 4.
-2
Convert 11d (base 15) to base 9.
311
34 (base 11) to base 13
2b
What is 2012 (base 3) in base 13?
47
8 (base 9) to base 2
1000
Convert -1a0 (base 12) to base 7.
-525
Convert -12 (base 4) to base 15.
-6
What is 40 (base 9) in base 6?
100
-4 (base 12) to base 14
-4
2 (base 13) to base 6
2
-20 (base 3) to base 14
-6
Convert 1 (base 7) to base 3.
1
Convert -7 (base 16) to base 5.
-12
Convert 2113 (base 4) to base 2.
10010111
Convert -146 (base 7) to base 11.
-76
What is 126 (base 7) in base 14?
4d
9 (base 14) to base 8
11
Convert -241 (base 8) to base 9.
-188
-93 (base 10) to base 12
-79
-28 (base 16) to base 3
-1111
1 (base 13) to base 12
1
What is -246 (base 9) in base 11?
-176
Convert -44 (base 5) to base 10.
-24
What is -424 (base 6) in base 7?
-316
Convert 3 (base 11) to base 3.
10
What is 2 (base 13) in base 2?
10
Convert -2 (base 12) to base 5.
-2
1 (base 9) to base 8
1
Convert 63 (base 13) to base 14.
5b
-6 (base 9) to base 13
-6
What is 102021 (base 3) in base 4?
10300
What is -4 (base 14) in base 13?
-4
11001 (base 2) to base 10
25
Convert 5 (base 9) to base 7.
5
11 (base 6) to base 14
7
What is 2 (base 5) in base 9?
2
What is 1 (base 16) in base 7?
1
What is 20 (base 3) in base 8?
6
Convert 12 (base 3) to base 10.
5
-354 (base 7) to base 9
-226
-2 (base 16) to base 7
-2
What is -2 (base 9) in base 16?
-2
Convert 223 (base 8) to base 15.
9c
1011 (base 2) to base 15
b
What is 4 (base 5) in base 6?
4
What is 10001 (base 2) in base 4?
101
What is 4 (base 15) in base 16?
4
What is -8 (base 14) in base 13?
-8
Convert 2 (base 3) to base 2.
10
What is 76 (base 8) in base 14?
46
What is 6 (base 15) in base 8?
6
What is 21101 (base 3) in base 8?
307
Convert 2 (base 3) to base 6.
2
What is -d (base 15) in base 13?
-10
What is -12 (base 10) in base 2?
-1100
What is -1 (base 2) in base 7?
-1
What is 5 (base 12) in base 7?
5
Convert -17 (base 8) to base 5.
-30
-21 (base 3) to base 7
-10
What is 211 (base 4) in base 15?
27
1110 (base 3) to base 7
54
Convert -6 (base 13) to base 3.
-20
Convert 14 (base 14) to base 7.
24
What is -3 (base 10) in base 12?
-3
What is 521 (base 6) in base 11?
166
Convert 1 (base 2) to base 13.
1
Convert -202 (base 3) to base 8.
-24
Convert 2100 (base 3) to base 11.
58
5 (base 10) to base 6
5
What is -121 (base 10) in base 8?
-171
What is -21 (base 3) in base 12?
-7
What is -30 (base 9) in base 11?
-25
401 (base 5) to base 15
6b
What is 0 (base 16) in base 2?
0
Convert 0 (base 11) to base 9.
0
-103 (base 6) to base 4
-213
What is 34 (base 5) in base 11?
18
-29 (base 11) to base 4
-133
What is 67 (base 15) in base 2?
1100001
Convert -60 (base 10) to base 16.
-3c
Convert 5 (base 15) to base 13.
5
Convert 11 (base 2) to base 16.
3
1 (base 4) to base 15
1
What is -3 (base 7) in base 5?
-3
Convert 0 (base 4) to base 8.
0
What is 12302 (base 4) in base 5?
3214
Convert -1 (base 12) to base 10.
-1
2 (base 6) to base 3
2
1303 (base 5) to base 6
535
11 (base 4) to base 6
5
Convert 61 (base 13) to base 16.
4f
What is -120 (base 4) in base 15?
-19
2 (base 6) to base 9
2
Convert -30 (base 11) to base 2.
-100001
What is 8 (base 12) in base 15?
8
What is 23 (base 7) in base 13?
14
Convert 1b (base 13) to base 10.
24
b (base 15) to base 13
b
Convert -320 (base 4) to base 10.
-56
Convert -4 (base 7) to base 12.
-4
42 (base 9) to base 11
35
Convert -16 (base 8) to base 15.
-e
Convert -4 (base 7) to base 3.
-11
Convert -a8 (base 14) to base 10.
-148
95 (base 12) to base 11
a3
15 (base 10) to base 16
f
Convert -45 (base 8) to base 12.
-31
What is 7 (base 9) in base 10?
7
What is -44 (base 9) in base 13?
-31
Convert 34 (base 12) to base 5.
130
What is -10 (base 3) in base 11?
-3
What is 3 (base 16) in base 9?
3
12 (base 5) to base 8
7
Convert 23 (base 6) to base 10.
15
What is -10 (base 10) in base 13?
-a
Convert -516 (base 7) to base 3.
-100120
What is 46 (base 7) in base 11?
31
What is 1 (base 11) in base 15?
1
-130 (base 4) to base 12
-24
What is -67 (base 10) in base 11?
-61
Convert -3 (base 6) to base 16.
-3
21 (base 4) to base 3
100
33 (base 9) to base 2
11110
Convert 1 (base 2) to base 15.
1
What is -7 (base 15) in base 8?
-7
What is 20 (base 12) in base 11?
22
Convert 13 (base 7) to base 6.
14
-3 (base 11) to base 2
-11
Convert 4 (base 9) to base 3.
11
Convert -10100100 (base 2) to base 4.
-2210
Convert -4 (base 6) to base 2.
-100
What is 1 (base 15) in base 6?
1
Convert 10000001 (base 2) to base 13.
9c
What is -45 (base 9) in base 13?
-32
-89 (base 13) to base 8
-161
-1 (base 4) to base 16
-1
Convert -32 (base 15) to base 14.
-35
What is 138 (base 9) in base 16?
74
What is 1a6 (base 11) in base 10?
237
24 (base 14) to base 5
112
3 (base 9) to base 14
3
Convert -1 (base 12) to base 4.
-1
What is 19 (base 15) in base 10?
24
Convert -2 (base 10) to base 12.
-2
What is 